{"id":2048,"date":"2024-04-16T13:57:56","date_gmt":"2024-04-16T11:57:56","guid":{"rendered":"https:\/\/turlavasskola.kuldiga.lv\/?page_id=2048"},"modified":"2026-01-10T23:53:25","modified_gmt":"2026-01-10T21:53:25","slug":"skolas-padome","status":"publish","type":"page","link":"https:\/\/turlavasskola.kuldiga.lv\/index.php\/skolas-padome\/","title":{"rendered":"Skolas padome"},"content":{"rendered":"\r\n<p><strong>PADOMES REGLAMENTS<\/strong> <a href=\"http:\/\/turlavasskola.kuldiga.lv\/wp-content\/uploads\/2024\/11\/SKOLAS_PADOMES_REGLAMENTS.pdf\">SKOLAS_PADOMES_REGLAMENTS<\/a><\/p>\r\n<p><strong>PADOMES DARBA PL\u0100NS 2025.\/2026.m.g<\/strong>. <a href=\"http:\/\/turlavasskola.kuldiga.lv\/wp-content\/uploads\/2024\/12\/Skolas-padomes-darba-plans-20242025.pdf\">Skolas padomes darba pl\u0101ns\u00a0<\/a><\/p>\r\n<p><strong>S\u0112\u017dU PROTOKOLI:<\/strong><\/p>\r\n<p><a href=\"http:\/\/turlavasskola.kuldiga.lv\/wp-content\/uploads\/2024\/12\/Skolas-padomes-sede-protokols.pdf\">Skolas padomes s\u0113de protokols<\/a><\/p>\r\n<p><strong>PADOMES SAST\u0100VS 2025.\/2026. m\u0101c. g.<\/strong><\/p>\r\n<p><strong>PADOMES<\/strong> priek\u0161s\u0113d\u0113t\u0101ja <strong>Gita Sermoli\u0146a<\/strong> (6. klase)<\/p>\r\n\r\n\r\n\r\n<p><strong>Eva Ilberga <\/strong>(grupa \u201cL\u0101\u010duks\u201d)<\/p>\r\n\r\n\r\n\r\n<p><strong>Simona Junkere <\/strong>(5\/6-gadnieku grupa)<\/p>\r\n\r\n\r\n\r\n<p><strong>Gita Jokubauska<\/strong> (3. klase)<\/p>\r\n\r\n\r\n\r\n<p><strong>El\u012bna Baika <\/strong>(4. klase)<\/p>\r\n\r\n\r\n\r\n<p><strong>L\u012bga B\u0113rica<\/strong> (5. klase)<\/p>\r\n\r\n\r\n\r\n\r\n\r\n\r\n\r\n<p><strong>Sintija Priede <\/strong>(7. klase)<\/p>\r\n\r\n\r\n\r\n<p><strong>Laura Gr\u012bnvalde<\/strong> (8. klase)<\/p>\r\n\r\n\r\n\r\n<p><strong style=\"font-size: 1rem;\">L\u012bga Red\u012bza<\/strong><span style=\"font-size: 1rem;\">\u00a0<\/span>\u00a0(9. klase)<\/p>\r\n\r\n\r\n\r\n\r\n\r\n<p><strong>Anda Pirtniece <\/strong>(tehnisk\u0101 darbiniece)<\/p>\r\n\r\n\r\n\r\n<p><strong>Ralfs \u017dilinskis<\/strong> (Izgl\u012btojamo l\u012bdzp\u0101rvaldes vad\u012bt\u0101ja)<\/p>\r\n\r\n\r\n\r\n\r\n\r\n<p><strong>Gunta Freimane<\/strong> (pedagogu p\u0101rst\u0101ve)<\/p>\r\n\r\n\r\n\r\n<p><strong>Elita Lampa<\/strong> (pedagogu p\u0101rst\u0101ve)<\/p>\r\n\r\n\r\n\r\n<p><strong>M\u0101rcis Brantevics<\/strong> (Turlavas pagasta p\u0101rvaldes vad\u012bt\u0101js)<\/p>\r\n","protected":false},"excerpt":{"rendered":"<p>PADOMES REGLAMENTS SKOLAS_PADOMES_REGLAMENTS PADOMES DARBA PL\u0100NS 2025.\/2026.m.g. Skolas padomes darba pl\u0101ns\u00a0 S\u0112\u017dU PROTOKOLI: Skolas padomes s\u0113de protokols PADOMES SAST\u0100VS 2025.\/2026. m\u0101c. g. PADOMES priek\u0161s\u0113d\u0113t\u0101ja Gita Sermoli\u0146a (6. klase) Eva Ilberga (grupa \u201cL\u0101\u010duks\u201d) Simona Junkere (5\/6-gadnieku grupa) Gita Jokubauska (3. klase) El\u012bna Baika (4. klase) L\u012bga B\u0113rica (5. klase) Sintija Priede (7. klase) Laura Gr\u012bnvalde (8. &hellip; <\/p>\n<p class=\"link-more\"><a href=\"https:\/\/turlavasskola.kuldiga.lv\/index.php\/skolas-padome\/\" class=\"more-link\">Turpin\u0101t las\u012bt<span class=\"screen-reader-text\"> &#8220;Skolas padome&#8221;<\/span><\/a><\/p>\n","protected":false},"author":4,"featured_media":0,"parent":0,"menu_order":0,"comment_status":"closed","ping_status":"closed","template":"","meta":{"footnotes":""},"class_list":["post-2048","page","type-page","status-publish","hentry"],"_links":{"self":[{"href":"https:\/\/turlavasskola.kuldiga.lv\/index.php\/wp-json\/wp\/v2\/pages\/2048"}],"collection":[{"href":"https:\/\/turlavasskola.kuldiga.lv\/index.php\/wp-json\/wp\/v2\/pages"}],"about":[{"href":"https:\/\/turlavasskola.kuldiga.lv\/index.php\/wp-json\/wp\/v2\/types\/page"}],"author":[{"embeddable":true,"href":"https:\/\/turlavasskola.kuldiga.lv\/index.php\/wp-json\/wp\/v2\/users\/4"}],"replies":[{"embeddable":true,"href":"https:\/\/turlavasskola.kuldiga.lv\/index.php\/wp-json\/wp\/v2\/comments?post=2048"}],"version-history":[{"count":9,"href":"https:\/\/turlavasskola.kuldiga.lv\/index.php\/wp-json\/wp\/v2\/pages\/2048\/revisions"}],"predecessor-version":[{"id":3497,"href":"https:\/\/turlavasskola.kuldiga.lv\/index.php\/wp-json\/wp\/v2\/pages\/2048\/revisions\/3497"}],"wp:attachment":[{"href":"https:\/\/turlavasskola.kuldiga.lv\/index.php\/wp-json\/wp\/v2\/media?parent=2048"}],"curies":[{"name":"wp","href":"https:\/\/api.w.org\/{rel}","templated":true}]}}