{"id":2057,"date":"2024-04-16T13:58:51","date_gmt":"2024-04-16T11:58:51","guid":{"rendered":"https:\/\/turlavasskola.kuldiga.lv\/?page_id=2057"},"modified":"2026-01-11T00:13:13","modified_gmt":"2026-01-10T22:13:13","slug":"macibu-lidzekli","status":"publish","type":"page","link":"https:\/\/turlavasskola.kuldiga.lv\/index.php\/macibu-lidzekli\/","title":{"rendered":"M\u0101c\u012bbu l\u012bdzek\u013ci"},"content":{"rendered":"<p><span style=\"font-size: 1rem;\">2025.\/2026.m.g. <\/span><strong>M\u0100C\u012aBU GR\u0100MATU UN DARBA BURTN\u012aCU<\/strong> (kas pieejamas katram skol\u0113nam) <strong>SARAKSTS<\/strong> <a href=\"http:\/\/turlavasskola.kuldiga.lv\/wp-content\/uploads\/2025\/09\/macibu-literaturas-saraksts.pdf\">m\u0101c\u012bbu literat\u016bras saraksts<\/a><\/p>\n<p><strong>NEPIECIE\u0160AMIE M\u0100C\u012aBU L\u012aDZEK\u013bI S\u0100KUMSKOL\u0100<\/strong> <a href=\"http:\/\/turlavasskola.kuldiga.lv\/wp-content\/uploads\/2024\/11\/Macibu-lidzekli-sakumskola-2024_2025.pdf\">M\u0101c\u012bbu l\u012bdzek\u013ci s\u0101kumskol\u0101\u00a0<\/a><\/p>\n<p><strong>NEPIECIE\u0160AMIE M\u0100C\u012aBU L\u012aDZEK\u013bI PAMATSKOL\u0100<\/strong> <a href=\"http:\/\/turlavasskola.kuldiga.lv\/wp-content\/uploads\/2024\/11\/macibu-lidzdekli-pamatskola-2024_2025.pdf\">m\u0101c\u012bbu l\u012bdzdek\u013ci pamatskol\u0101<\/a><\/p>\n<p>&nbsp;<\/p>\n","protected":false},"excerpt":{"rendered":"<p>2025.\/2026.m.g. M\u0100C\u012aBU GR\u0100MATU UN DARBA BURTN\u012aCU (kas pieejamas katram skol\u0113nam) SARAKSTS m\u0101c\u012bbu literat\u016bras saraksts NEPIECIE\u0160AMIE M\u0100C\u012aBU L\u012aDZEK\u013bI S\u0100KUMSKOL\u0100 M\u0101c\u012bbu l\u012bdzek\u013ci s\u0101kumskol\u0101\u00a0 NEPIECIE\u0160AMIE M\u0100C\u012aBU L\u012aDZEK\u013bI PAMATSKOL\u0100 m\u0101c\u012bbu l\u012bdzdek\u013ci pamatskol\u0101 &nbsp;<\/p>\n","protected":false},"author":4,"featured_media":0,"parent":0,"menu_order":0,"comment_status":"closed","ping_status":"closed","template":"","meta":{"footnotes":""},"class_list":["post-2057","page","type-page","status-publish","hentry"],"_links":{"self":[{"href":"https:\/\/turlavasskola.kuldiga.lv\/index.php\/wp-json\/wp\/v2\/pages\/2057"}],"collection":[{"href":"https:\/\/turlavasskola.kuldiga.lv\/index.php\/wp-json\/wp\/v2\/pages"}],"about":[{"href":"https:\/\/turlavasskola.kuldiga.lv\/index.php\/wp-json\/wp\/v2\/types\/page"}],"author":[{"embeddable":true,"href":"https:\/\/turlavasskola.kuldiga.lv\/index.php\/wp-json\/wp\/v2\/users\/4"}],"replies":[{"embeddable":true,"href":"https:\/\/turlavasskola.kuldiga.lv\/index.php\/wp-json\/wp\/v2\/comments?post=2057"}],"version-history":[{"count":9,"href":"https:\/\/turlavasskola.kuldiga.lv\/index.php\/wp-json\/wp\/v2\/pages\/2057\/revisions"}],"predecessor-version":[{"id":3503,"href":"https:\/\/turlavasskola.kuldiga.lv\/index.php\/wp-json\/wp\/v2\/pages\/2057\/revisions\/3503"}],"wp:attachment":[{"href":"https:\/\/turlavasskola.kuldiga.lv\/index.php\/wp-json\/wp\/v2\/media?parent=2057"}],"curies":[{"name":"wp","href":"https:\/\/api.w.org\/{rel}","templated":true}]}}