{"id":219,"date":"2021-06-15T21:46:41","date_gmt":"2021-06-15T19:46:41","guid":{"rendered":"https:\/\/turlavasskola.kuldiga.lv\/?page_id=219"},"modified":"2026-01-06T18:28:19","modified_gmt":"2026-01-06T16:28:19","slug":"valsts-parbaudes-darbu-grafiks","status":"publish","type":"page","link":"https:\/\/turlavasskola.kuldiga.lv\/index.php\/valsts-parbaudes-darbu-grafiks\/","title":{"rendered":"Valsts p\u0101rbaudes darbi 2025.\/2026. m.g."},"content":{"rendered":"\r\n<p class=\"has-medium-font-size\"><strong>Valsts p\u0101rbaudes darbi par visp\u0101r\u0113j\u0101s pamatizgl\u012bt\u012bbas<\/strong> <strong>ieguvi:<\/strong><\/p>\r\n\r\n\r\n\r\n<p><strong>Monitoringa darbs ANG\u013bU VALOD\u0100<\/strong> &#8211;\u00a0 \u00a022. apr\u012bl\u012b <strong style=\"font-size: 1rem;\">rakstu<\/strong><span style=\"font-size: 1rem;\"> da\u013ca<\/span><\/p>\r\n<p>\u00a0 \u00a0 \u00a0 \u00a0 \u00a0 \u00a0 \u00a0 \u00a0 \u00a0 \u00a0 \u00a0 \u00a0 \u00a0 \u00a0 \u00a0 \u00a0 \u00a0 \u00a0 \u00a0 \u00a0 \u00a0 \u00a0 \u00a0 \u00a0 \u00a0 \u00a0 \u00a0 \u00a0 \u00a0 \u00a0 \u00a0 \u00a0 \u00a0 \u00a0 \u00a0 \u00a0 \u00a0 \u00a0 \u00a0 \u00a0 \u00a0 \u00a0 \u00a0 \u00a0 \u00a0 \u00a0 22. &#8211; 23. apr\u012bl\u012b <strong>mutv\u0101rdu<\/strong> da\u013ca<\/p>\r\n<p><span style=\"font-size: 1rem;\">Centraliz\u0113tais eks\u0101mens <strong>LATVIE\u0160U VALOD\u0100<\/strong> &#8211; 19. maij\u0101 <strong>rakstu<\/strong> da\u013ca<\/span><\/p>\r\n<p>\u00a0 \u00a0 \u00a0 \u00a0 \u00a0 \u00a0 \u00a0 \u00a0 \u00a0 \u00a0 \u00a0 \u00a0 \u00a0 \u00a0 \u00a0 \u00a0 \u00a0 \u00a0 \u00a0 \u00a0 \u00a0 \u00a0 \u00a0 \u00a0 \u00a0 \u00a0 \u00a0 \u00a0 \u00a0 \u00a0 \u00a0 \u00a0 \u00a0 \u00a0 \u00a0 \u00a0 \u00a0 \u00a0 \u00a0 \u00a0 \u00a0 \u00a0 \u00a0 \u00a0 \u00a0 \u00a0 19. &#8211; 21. maij\u0101 <strong>mutv\u0101rdu<\/strong> da\u013ca<\/p>\r\n\r\n\r\n\r\n\r\n\r\n<p>Centraliz\u0113tais eks\u0101mens <strong>MATEM\u0100TIK\u0100<\/strong> &#8211; 26.maij\u0101<\/p>\r\n\r\n\r\n\r\n<p>&nbsp;<\/p>\r\n\r\n\r\n\r\n<p>&nbsp;<\/p>\r\n\r\n\r\n\r\n<p>&nbsp;<\/p>\r\n\r\n\r\n\r\n<p>&nbsp;<\/p>\r\n","protected":false},"excerpt":{"rendered":"<p>Valsts p\u0101rbaudes darbi par visp\u0101r\u0113j\u0101s pamatizgl\u012bt\u012bbas ieguvi: Monitoringa darbs ANG\u013bU VALOD\u0100 &#8211;\u00a0 \u00a022. apr\u012bl\u012b rakstu da\u013ca \u00a0 \u00a0 \u00a0 \u00a0 \u00a0 \u00a0 \u00a0 \u00a0 \u00a0 \u00a0 \u00a0 \u00a0 \u00a0 \u00a0 \u00a0 \u00a0 \u00a0 \u00a0 \u00a0 \u00a0 \u00a0 \u00a0 \u00a0 \u00a0 \u00a0 \u00a0 \u00a0 \u00a0 \u00a0 \u00a0 \u00a0 \u00a0 \u00a0 \u00a0 \u00a0 \u00a0 \u00a0 \u00a0 \u00a0 &hellip; <\/p>\n<p class=\"link-more\"><a href=\"https:\/\/turlavasskola.kuldiga.lv\/index.php\/valsts-parbaudes-darbu-grafiks\/\" class=\"more-link\">Turpin\u0101t las\u012bt<span class=\"screen-reader-text\"> &#8220;Valsts p\u0101rbaudes darbi 2025.\/2026. m.g.&#8221;<\/span><\/a><\/p>\n","protected":false},"author":4,"featured_media":0,"parent":0,"menu_order":0,"comment_status":"closed","ping_status":"closed","template":"","meta":{"footnotes":""},"class_list":["post-219","page","type-page","status-publish","hentry"],"_links":{"self":[{"href":"https:\/\/turlavasskola.kuldiga.lv\/index.php\/wp-json\/wp\/v2\/pages\/219"}],"collection":[{"href":"https:\/\/turlavasskola.kuldiga.lv\/index.php\/wp-json\/wp\/v2\/pages"}],"about":[{"href":"https:\/\/turlavasskola.kuldiga.lv\/index.php\/wp-json\/wp\/v2\/types\/page"}],"author":[{"embeddable":true,"href":"https:\/\/turlavasskola.kuldiga.lv\/index.php\/wp-json\/wp\/v2\/users\/4"}],"replies":[{"embeddable":true,"href":"https:\/\/turlavasskola.kuldiga.lv\/index.php\/wp-json\/wp\/v2\/comments?post=219"}],"version-history":[{"count":14,"href":"https:\/\/turlavasskola.kuldiga.lv\/index.php\/wp-json\/wp\/v2\/pages\/219\/revisions"}],"predecessor-version":[{"id":3434,"href":"https:\/\/turlavasskola.kuldiga.lv\/index.php\/wp-json\/wp\/v2\/pages\/219\/revisions\/3434"}],"wp:attachment":[{"href":"https:\/\/turlavasskola.kuldiga.lv\/index.php\/wp-json\/wp\/v2\/media?parent=219"}],"curies":[{"name":"wp","href":"https:\/\/api.w.org\/{rel}","templated":true}]}}