{"id":2561,"date":"2024-11-18T12:07:37","date_gmt":"2024-11-18T10:07:37","guid":{"rendered":"https:\/\/turlavasskola.kuldiga.lv\/?page_id=2561"},"modified":"2026-01-06T18:27:45","modified_gmt":"2026-01-06T16:27:45","slug":"audzinasanas-darbs","status":"publish","type":"page","link":"https:\/\/turlavasskola.kuldiga.lv\/index.php\/audzinasanas-darbs\/","title":{"rendered":"Audzin\u0101\u0161anas darbs"},"content":{"rendered":"<p><b>AUDZIN\u0100\u0160ANAS DARB\u012aBAS VIRZIENI 2025. &#8211; 2028. <\/b><a href=\"http:\/\/turlavasskola.kuldiga.lv\/wp-content\/uploads\/2025\/09\/Audzinasanas-darba-virzieni.pdf\">\u0160eit\u00a0<\/a><\/p>\n<p><strong>Audzin\u0101t\u0101ju metodisk\u0101s komisijas darba pl\u0101ns 2025.\/2026.m.g.<\/strong> <a href=\"http:\/\/turlavasskola.kuldiga.lv\/wp-content\/uploads\/2025\/09\/Audzinataju-metodiska-komisija.pdf\">\u0160eit <\/a><\/p>\n<p><strong>Audzin\u0101t\u0101ju metodisk\u0101s komisijas darba pl\u0101ns 2024.\/2025.m.g .<\/strong> <a href=\"http:\/\/turlavasskola.kuldiga.lv\/wp-content\/uploads\/2024\/12\/Klasu-audzinataju-MK-darba-plans-2024.pdf\">\u0160eit<\/a><\/p>\n<ul>\n<li style=\"list-style-type: none;\">\n<ul>\n<li><strong>KLASES AUDZIN\u0100T\u0100JA DARBA PL\u0100NS 2025.\/2026.m.g. I pusgadam<\/strong> <a href=\"http:\/\/turlavasskola.kuldiga.lv\/wp-content\/uploads\/2025\/09\/Klases-audzinataja-darba-plans-2025_1_sem.pdf\">\u0160<\/a>eit<\/li>\n<li><strong>Kla\u0161u audzin\u0101t\u0101ju san\u0101ksmju protokoli 2025.\/2026.m.g.<\/strong><\/li>\n<\/ul>\n<\/li>\n<\/ul>\n<p>&nbsp;<\/p>\n<ul>\n<li><strong>Kla\u0161u audzin\u0101t\u0101ju san\u0101ksmju protokoli 2024.\/2025.m.g.<\/strong><\/li>\n<\/ul>\n<p><a href=\"http:\/\/turlavasskola.kuldiga.lv\/wp-content\/uploads\/2024\/12\/Turlavas-psk-klasu-audzinataju-sanaksmes-protokols-nr1.pdf\">Turlavas psk kla\u0161u audzin\u0101taju san\u0101ksmes protokols nr1<\/a><\/p>\n<p><a href=\"http:\/\/turlavasskola.kuldiga.lv\/wp-content\/uploads\/2025\/02\/Turlavas-pskklasu-audzinataju-MK-sanaksmes-protokols-nr2_-1.pdf\">Turlavas pskkla\u0161u audzin\u0101t\u0101ju MK san\u0101ksmes protokols nr2_<\/a><\/p>\n<p><a style=\"color: #000000;\" href=\"http:\/\/turlavasskola.kuldiga.lv\/wp-content\/uploads\/2025\/02\/Turlavas-psk-klasu-audzinataju-MK-sanaksmes-protokols-nr_3.pdf\">Turlavas psk kla\u0161u audzin\u0101t\u0101ju MK san\u0101ksmes protokols nr_3<\/a><\/p>\n<ul>\n<li>Saites uz Kuld\u012bgas BJC lap\u0101m, kur\u0101s pieejami <strong>materi\u0101li audzin\u0101\u0161anas un karjeras izgl\u012bt\u012bbai<\/strong> (zem sada\u013cas Metodika)<\/li>\n<\/ul>\n<p><a href=\"https:\/\/www.kuldigasbjc.lv\/karjera-un-audzinasana\/audzinasana\/\">https:\/\/www.kuldigasbjc.lv\/karjera-un-audzinasana\/audzinasana\/<\/a><\/p>\n<p><a href=\"https:\/\/www.kuldigasbjc.lv\/karjera-un-audzinasana\/karjera\/\">https:\/\/www.kuldigasbjc.lv\/karjera-un-audzinasana\/karjera\/<\/a><\/p>\n<ul>\n<li>\u00a0Soci\u0101li emocion\u0101l\u0101s m\u0101c\u012b\u0161an\u0101s\u00a0 stundu pl\u0101nu paraugi <a href=\"https:\/\/mape.gov.lv\/api\/files\/EC38043B-D692-4825-8895-2EFE08909084\/download\">https:\/\/mape.gov.lv\/api\/files\/EC38043B-D692-4825-8895-2EFE08909084\/download<\/a><\/li>\n<\/ul>\n<p>&nbsp;<\/p>\n","protected":false},"excerpt":{"rendered":"<p>AUDZIN\u0100\u0160ANAS DARB\u012aBAS VIRZIENI 2025. &#8211; 2028. \u0160eit\u00a0 Audzin\u0101t\u0101ju metodisk\u0101s komisijas darba pl\u0101ns 2025.\/2026.m.g. \u0160eit Audzin\u0101t\u0101ju metodisk\u0101s komisijas darba pl\u0101ns 2024.\/2025.m.g . \u0160eit KLASES AUDZIN\u0100T\u0100JA DARBA PL\u0100NS 2025.\/2026.m.g. I pusgadam \u0160eit Kla\u0161u audzin\u0101t\u0101ju san\u0101ksmju protokoli 2025.\/2026.m.g. &nbsp; Kla\u0161u audzin\u0101t\u0101ju san\u0101ksmju protokoli 2024.\/2025.m.g. Turlavas psk kla\u0161u audzin\u0101taju san\u0101ksmes protokols nr1 Turlavas pskkla\u0161u audzin\u0101t\u0101ju MK san\u0101ksmes protokols nr2_ &hellip; <\/p>\n<p class=\"link-more\"><a href=\"https:\/\/turlavasskola.kuldiga.lv\/index.php\/audzinasanas-darbs\/\" class=\"more-link\">Turpin\u0101t las\u012bt<span class=\"screen-reader-text\"> &#8220;Audzin\u0101\u0161anas darbs&#8221;<\/span><\/a><\/p>\n","protected":false},"author":4,"featured_media":0,"parent":0,"menu_order":0,"comment_status":"closed","ping_status":"closed","template":"","meta":{"footnotes":""},"class_list":["post-2561","page","type-page","status-publish","hentry"],"_links":{"self":[{"href":"https:\/\/turlavasskola.kuldiga.lv\/index.php\/wp-json\/wp\/v2\/pages\/2561"}],"collection":[{"href":"https:\/\/turlavasskola.kuldiga.lv\/index.php\/wp-json\/wp\/v2\/pages"}],"about":[{"href":"https:\/\/turlavasskola.kuldiga.lv\/index.php\/wp-json\/wp\/v2\/types\/page"}],"author":[{"embeddable":true,"href":"https:\/\/turlavasskola.kuldiga.lv\/index.php\/wp-json\/wp\/v2\/users\/4"}],"replies":[{"embeddable":true,"href":"https:\/\/turlavasskola.kuldiga.lv\/index.php\/wp-json\/wp\/v2\/comments?post=2561"}],"version-history":[{"count":16,"href":"https:\/\/turlavasskola.kuldiga.lv\/index.php\/wp-json\/wp\/v2\/pages\/2561\/revisions"}],"predecessor-version":[{"id":3433,"href":"https:\/\/turlavasskola.kuldiga.lv\/index.php\/wp-json\/wp\/v2\/pages\/2561\/revisions\/3433"}],"wp:attachment":[{"href":"https:\/\/turlavasskola.kuldiga.lv\/index.php\/wp-json\/wp\/v2\/media?parent=2561"}],"curies":[{"name":"wp","href":"https:\/\/api.w.org\/{rel}","templated":true}]}}