{"id":2830,"date":"2025-02-08T11:58:14","date_gmt":"2025-02-08T09:58:14","guid":{"rendered":"https:\/\/turlavasskola.kuldiga.lv\/?page_id=2830"},"modified":"2026-01-10T23:28:15","modified_gmt":"2026-01-10T21:28:15","slug":"atbalsta-personals","status":"publish","type":"page","link":"https:\/\/turlavasskola.kuldiga.lv\/index.php\/atbalsta-personals\/","title":{"rendered":"ATBALSTA PERSON\u0100LS"},"content":{"rendered":"<p><strong>Atbalsta person\u0101la darba laiks<\/strong><\/p>\n<p><strong>Skolas psiholo\u0123e <\/strong>INTA BRANTEVICA<\/p>\n<p>Ceturtdien\u0101s\u00a0 \u00a08.30 &#8211; 12.00<\/p>\n<p><strong>Speci\u0101l\u0101 pedago\u0123e<\/strong>\u00a0 \u00a0 INESE P\u016aRE<\/p>\n<p><span style=\"font-size: 1rem;\">Otrdien\u0101s<\/span><span style=\"font-size: 1rem;\">\u00a0\u00a0 \u00a0 9.00 &#8211; 14.00<\/span><\/p>\n<p>Tre\u0161dien\u0101s\u00a0 \u00a0 9.00 &#8211; 14.00<\/p>\n<p>Ceturtdien\u0101s 9.00 &#8211; 14.00<\/p>\n<p>Piektdien\u0101s\u00a0 \u00a09.00 &#8211; 14.00<\/p>\n<p><strong>Logop\u0113de<\/strong>\u00a0 \u00a0 \u00a0 \u00a0 \u00a0 \u00a0 \u00a0 \u00a0 \u00a0 \u00a0 \u00a0 \u00a0 \u00a0 MARTA LAPSA<\/p>\n<p>Piektdien\u0101s\u00a0 \u00a0 \u00a0 \u00a0 \u00a0 \u00a0 \u00a0 \u00a0 \u00a08.00 &#8211; 15.00<\/p>\n<p><strong>Karjeras konsultante<\/strong> Ieva Ozoli\u0146a ( Individu\u0101l\u0101s un grupu konsult\u0101cijas iepriek\u0161 par t\u0101m vienojoties) e-pasts:\u00a0 \u00a0 ieva.ozolina@kuldiga.lv\u00a0 \u00a0T\u0101lr. 27890741<\/p>\n<p><strong>Pagarin\u0101t\u0101s dienas grupa 2025.\/2026. m. g.<\/strong><\/p>\n<table>\n<tbody>\n<tr>\n<td width=\"156\">Diena<\/td>\n<td width=\"118\">Kla\u0161u grupa<\/td>\n<td width=\"180\">Laiks<\/td>\n<td width=\"170\">Skolot\u0101js<\/td>\n<\/tr>\n<tr>\n<td width=\"156\">Pirmdiena<\/td>\n<td width=\"118\">1.-3.kl.<\/td>\n<td width=\"180\">&nbsp;<\/p>\n<p>12.20 \u2013 15.50<\/p>\n<p>&nbsp;<\/td>\n<td width=\"170\">Mud\u012bte Kobe\u013ceva<\/td>\n<\/tr>\n<tr>\n<td width=\"156\">Otrdiena<\/td>\n<td width=\"118\">1.-3.kl.<\/td>\n<td width=\"180\">&nbsp;<\/p>\n<p>13.30 \u2013 15.50<\/p>\n<p>&nbsp;<\/td>\n<td width=\"170\">Gunta Freimane<\/td>\n<\/tr>\n<tr>\n<td width=\"156\">Tre\u0161diena<\/td>\n<td width=\"118\">1.-3.kl.<\/td>\n<td width=\"180\">13.30 -15.00<\/p>\n<p>14.10 \u2013 15.50<\/p>\n<p>&nbsp;<\/td>\n<td width=\"170\">Gunta Freimane<\/p>\n<p>Mud\u012bte Kobe\u013ceva<\/p>\n<p>&nbsp;<\/td>\n<\/tr>\n<tr>\n<td width=\"156\">Ceturtdiena<\/td>\n<td width=\"118\">1.-3.kl.<\/td>\n<td width=\"180\">&nbsp;<\/p>\n<p>13.30 \u2013 15.00<\/p>\n<p>&nbsp;<\/td>\n<td width=\"170\">Gunta Freimane<\/td>\n<\/tr>\n<tr>\n<td width=\"156\">Piektdiena<\/td>\n<td width=\"118\">1.-3.kl.<\/td>\n<td width=\"180\">13.30 \u2013 14.10<\/p>\n<p>14.10 \u2013 15.00<\/p>\n<p>&nbsp;<\/td>\n<td width=\"170\">Gunta Freimane<\/p>\n<p>Mud\u012bte Kobe\u013ceva<\/td>\n<\/tr>\n<\/tbody>\n<\/table>\n","protected":false},"excerpt":{"rendered":"<p>Atbalsta person\u0101la darba laiks Skolas psiholo\u0123e INTA BRANTEVICA Ceturtdien\u0101s\u00a0 \u00a08.30 &#8211; 12.00 Speci\u0101l\u0101 pedago\u0123e\u00a0 \u00a0 INESE P\u016aRE Otrdien\u0101s\u00a0\u00a0 \u00a0 9.00 &#8211; 14.00 Tre\u0161dien\u0101s\u00a0 \u00a0 9.00 &#8211; 14.00 Ceturtdien\u0101s 9.00 &#8211; 14.00 Piektdien\u0101s\u00a0 \u00a09.00 &#8211; 14.00 Logop\u0113de\u00a0 \u00a0 \u00a0 \u00a0 \u00a0 \u00a0 \u00a0 \u00a0 \u00a0 \u00a0 \u00a0 \u00a0 \u00a0 MARTA LAPSA Piektdien\u0101s\u00a0 \u00a0 \u00a0 \u00a0 \u00a0 &hellip; <\/p>\n<p class=\"link-more\"><a href=\"https:\/\/turlavasskola.kuldiga.lv\/index.php\/atbalsta-personals\/\" class=\"more-link\">Turpin\u0101t las\u012bt<span class=\"screen-reader-text\"> &#8220;ATBALSTA PERSON\u0100LS&#8221;<\/span><\/a><\/p>\n","protected":false},"author":4,"featured_media":0,"parent":0,"menu_order":0,"comment_status":"closed","ping_status":"closed","template":"","meta":{"footnotes":""},"class_list":["post-2830","page","type-page","status-publish","hentry"],"_links":{"self":[{"href":"https:\/\/turlavasskola.kuldiga.lv\/index.php\/wp-json\/wp\/v2\/pages\/2830"}],"collection":[{"href":"https:\/\/turlavasskola.kuldiga.lv\/index.php\/wp-json\/wp\/v2\/pages"}],"about":[{"href":"https:\/\/turlavasskola.kuldiga.lv\/index.php\/wp-json\/wp\/v2\/types\/page"}],"author":[{"embeddable":true,"href":"https:\/\/turlavasskola.kuldiga.lv\/index.php\/wp-json\/wp\/v2\/users\/4"}],"replies":[{"embeddable":true,"href":"https:\/\/turlavasskola.kuldiga.lv\/index.php\/wp-json\/wp\/v2\/comments?post=2830"}],"version-history":[{"count":7,"href":"https:\/\/turlavasskola.kuldiga.lv\/index.php\/wp-json\/wp\/v2\/pages\/2830\/revisions"}],"predecessor-version":[{"id":3493,"href":"https:\/\/turlavasskola.kuldiga.lv\/index.php\/wp-json\/wp\/v2\/pages\/2830\/revisions\/3493"}],"wp:attachment":[{"href":"https:\/\/turlavasskola.kuldiga.lv\/index.php\/wp-json\/wp\/v2\/media?parent=2830"}],"curies":[{"name":"wp","href":"https:\/\/api.w.org\/{rel}","templated":true}]}}