{"id":3317,"date":"2025-10-26T14:22:44","date_gmt":"2025-10-26T12:22:44","guid":{"rendered":"https:\/\/turlavasskola.kuldiga.lv\/?page_id=3317"},"modified":"2026-01-30T15:56:56","modified_gmt":"2026-01-30T13:56:56","slug":"eko-skola","status":"publish","type":"page","link":"https:\/\/turlavasskola.kuldiga.lv\/index.php\/eko-skola\/","title":{"rendered":"EKO SKOLA"},"content":{"rendered":"<p>Ce\u013c\u0101 uz EKO skolu &#8211;\u00a0 <a href=\"http:\/\/turlavasskola.kuldiga.lv\/wp-content\/uploads\/2026\/01\/Aicinajums.pdf\">Aicin\u0101jums<\/a><\/p>\n<p>EKO padome <a href=\"http:\/\/turlavasskola.kuldiga.lv\/wp-content\/uploads\/2026\/01\/EKO-padome_.pdf\">\u0160<\/a>eit<\/p>\n<p>2025,\/2026.m.g. EKO skolas pas\u0101kumu pl\u0101ns <a href=\"http:\/\/turlavasskola.kuldiga.lv\/wp-content\/uploads\/2026\/01\/EKO-skolas-darba-plans.pdf\">\u0160<\/a>eit<\/p>\n<p>Skolas vides nov\u0113rt\u0113jums <a href=\"http:\/\/turlavasskola.kuldiga.lv\/wp-content\/uploads\/2026\/01\/Vides_novertejums.pdf\">\u0160<\/a>eit<\/p>\n<p>KONKURSS -interesant\u0101k\u0101 makulat\u016bras kaste<\/p>\n<p><img loading=\"lazy\" decoding=\"async\" class=\"alignnone size-medium wp-image-3522\" src=\"http:\/\/turlavasskola.kuldiga.lv\/wp-content\/uploads\/2026\/01\/2026-01-30-15_03_58-200x300.png\" alt=\"\" width=\"200\" height=\"300\" srcset=\"https:\/\/turlavasskola.kuldiga.lv\/wp-content\/uploads\/2026\/01\/2026-01-30-15_03_58-200x300.png 200w, https:\/\/turlavasskola.kuldiga.lv\/wp-content\/uploads\/2026\/01\/2026-01-30-15_03_58-683x1024.png 683w, https:\/\/turlavasskola.kuldiga.lv\/wp-content\/uploads\/2026\/01\/2026-01-30-15_03_58-768x1152.png 768w, https:\/\/turlavasskola.kuldiga.lv\/wp-content\/uploads\/2026\/01\/2026-01-30-15_03_58.png 1024w\" sizes=\"(max-width: 200px) 100vw, 200px\" \/><\/p>\n<header class=\"entry-header\">\n<h1 class=\"entry-title\"><strong>EKO skolu sadraudz\u012bbas pas\u0101kums<\/strong><\/h1>\n<\/header>\n<div class=\"entry-content\">\n<p>Kop\u012bga EKO picu cep\u0161ana, sarunas par dabai draudz\u012bgu dz\u012bvesveidu un k\u0101 to var populariz\u0113t skolu EKO padome notika reiz\u0113, kad<strong>\u00a0Turlavas pamatskolas EKO padome dev\u0101s pieredzes apmai\u0146\u0101 pie V\u0101rmes pamatskolas EKO padomes<\/strong>.<\/p>\n<p><img loading=\"lazy\" decoding=\"async\" class=\"alignnone wp-image-3436\" src=\"http:\/\/turlavasskola.kuldiga.lv\/wp-content\/uploads\/2026\/01\/20251126_131832-300x225.jpg\" sizes=\"(max-width: 279px) 100vw, 279px\" srcset=\"https:\/\/turlavasskola.kuldiga.lv\/wp-content\/uploads\/2026\/01\/20251126_131832-300x225.jpg 300w, https:\/\/turlavasskola.kuldiga.lv\/wp-content\/uploads\/2026\/01\/20251126_131832-1024x768.jpg 1024w, https:\/\/turlavasskola.kuldiga.lv\/wp-content\/uploads\/2026\/01\/20251126_131832-768x576.jpg 768w, https:\/\/turlavasskola.kuldiga.lv\/wp-content\/uploads\/2026\/01\/20251126_131832-1536x1152.jpg 1536w, https:\/\/turlavasskola.kuldiga.lv\/wp-content\/uploads\/2026\/01\/20251126_131832-2048x1536.jpg 2048w\" alt=\"\" width=\"279\" height=\"209\" \/>\u00a0<img loading=\"lazy\" decoding=\"async\" class=\"alignnone wp-image-3437\" src=\"http:\/\/turlavasskola.kuldiga.lv\/wp-content\/uploads\/2026\/01\/20251126_131920-300x225.jpg\" sizes=\"(max-width: 277px) 100vw, 277px\" srcset=\"https:\/\/turlavasskola.kuldiga.lv\/wp-content\/uploads\/2026\/01\/20251126_131920-300x225.jpg 300w, https:\/\/turlavasskola.kuldiga.lv\/wp-content\/uploads\/2026\/01\/20251126_131920-1024x768.jpg 1024w, https:\/\/turlavasskola.kuldiga.lv\/wp-content\/uploads\/2026\/01\/20251126_131920-768x576.jpg 768w, https:\/\/turlavasskola.kuldiga.lv\/wp-content\/uploads\/2026\/01\/20251126_131920-1536x1152.jpg 1536w, https:\/\/turlavasskola.kuldiga.lv\/wp-content\/uploads\/2026\/01\/20251126_131920-2048x1536.jpg 2048w\" alt=\"\" width=\"277\" height=\"208\" \/><\/p>\n<p>V\u0101rmes pamatskola EKO skolu programm\u0101 iesaist\u012bjusies jau otro m\u0101c\u012bbu gadu. Turlavniekiem, kuri pirmo gadu start\u0113 \u0161aj\u0101 programm\u0101, bija interesanti redz\u0113t kaimi\u0146skol\u0101 paveikto.<\/p>\n<p><img loading=\"lazy\" decoding=\"async\" class=\"alignnone wp-image-3445\" src=\"http:\/\/turlavasskola.kuldiga.lv\/wp-content\/uploads\/2026\/01\/IMG-20251126-WA0027-300x225.jpg\" sizes=\"(max-width: 275px) 100vw, 275px\" srcset=\"https:\/\/turlavasskola.kuldiga.lv\/wp-content\/uploads\/2026\/01\/IMG-20251126-WA0027-300x225.jpg 300w, https:\/\/turlavasskola.kuldiga.lv\/wp-content\/uploads\/2026\/01\/IMG-20251126-WA0027-1024x768.jpg 1024w, https:\/\/turlavasskola.kuldiga.lv\/wp-content\/uploads\/2026\/01\/IMG-20251126-WA0027-768x576.jpg 768w, https:\/\/turlavasskola.kuldiga.lv\/wp-content\/uploads\/2026\/01\/IMG-20251126-WA0027-1536x1152.jpg 1536w, https:\/\/turlavasskola.kuldiga.lv\/wp-content\/uploads\/2026\/01\/IMG-20251126-WA0027.jpg 2048w\" alt=\"\" width=\"275\" height=\"206\" \/>\u00a0<img loading=\"lazy\" decoding=\"async\" class=\"alignnone wp-image-3444\" src=\"http:\/\/turlavasskola.kuldiga.lv\/wp-content\/uploads\/2026\/01\/1000028292-300x225.jpg\" sizes=\"(max-width: 275px) 100vw, 275px\" srcset=\"https:\/\/turlavasskola.kuldiga.lv\/wp-content\/uploads\/2026\/01\/1000028292-300x225.jpg 300w, https:\/\/turlavasskola.kuldiga.lv\/wp-content\/uploads\/2026\/01\/1000028292-1024x768.jpg 1024w, https:\/\/turlavasskola.kuldiga.lv\/wp-content\/uploads\/2026\/01\/1000028292-768x576.jpg 768w, https:\/\/turlavasskola.kuldiga.lv\/wp-content\/uploads\/2026\/01\/1000028292-1536x1152.jpg 1536w, https:\/\/turlavasskola.kuldiga.lv\/wp-content\/uploads\/2026\/01\/1000028292.jpg 2048w\" alt=\"\" width=\"275\" height=\"206\" \/>\u00a0<img loading=\"lazy\" decoding=\"async\" class=\"alignnone wp-image-3442\" src=\"http:\/\/turlavasskola.kuldiga.lv\/wp-content\/uploads\/2026\/01\/1000028310-300x225.jpg\" sizes=\"(max-width: 276px) 100vw, 276px\" srcset=\"https:\/\/turlavasskola.kuldiga.lv\/wp-content\/uploads\/2026\/01\/1000028310-300x225.jpg 300w, https:\/\/turlavasskola.kuldiga.lv\/wp-content\/uploads\/2026\/01\/1000028310-1024x768.jpg 1024w, https:\/\/turlavasskola.kuldiga.lv\/wp-content\/uploads\/2026\/01\/1000028310-768x576.jpg 768w, https:\/\/turlavasskola.kuldiga.lv\/wp-content\/uploads\/2026\/01\/1000028310-1536x1152.jpg 1536w, https:\/\/turlavasskola.kuldiga.lv\/wp-content\/uploads\/2026\/01\/1000028310.jpg 2048w\" alt=\"\" width=\"276\" height=\"207\" \/>\u00a0<img loading=\"lazy\" decoding=\"async\" class=\"alignnone wp-image-3441\" src=\"http:\/\/turlavasskola.kuldiga.lv\/wp-content\/uploads\/2026\/01\/1000028295-300x225.jpg\" sizes=\"(max-width: 280px) 100vw, 280px\" srcset=\"https:\/\/turlavasskola.kuldiga.lv\/wp-content\/uploads\/2026\/01\/1000028295-300x225.jpg 300w, https:\/\/turlavasskola.kuldiga.lv\/wp-content\/uploads\/2026\/01\/1000028295-1024x768.jpg 1024w, https:\/\/turlavasskola.kuldiga.lv\/wp-content\/uploads\/2026\/01\/1000028295-768x576.jpg 768w, https:\/\/turlavasskola.kuldiga.lv\/wp-content\/uploads\/2026\/01\/1000028295-1536x1152.jpg 1536w, https:\/\/turlavasskola.kuldiga.lv\/wp-content\/uploads\/2026\/01\/1000028295.jpg 2048w\" alt=\"\" width=\"280\" height=\"210\" \/>\u00a0<img loading=\"lazy\" decoding=\"async\" class=\"alignnone size-medium wp-image-3439\" src=\"http:\/\/turlavasskola.kuldiga.lv\/wp-content\/uploads\/2026\/01\/20251126_140342-225x300.jpg\" sizes=\"(max-width: 225px) 100vw, 225px\" srcset=\"https:\/\/turlavasskola.kuldiga.lv\/wp-content\/uploads\/2026\/01\/20251126_140342-225x300.jpg 225w, https:\/\/turlavasskola.kuldiga.lv\/wp-content\/uploads\/2026\/01\/20251126_140342-768x1024.jpg 768w, https:\/\/turlavasskola.kuldiga.lv\/wp-content\/uploads\/2026\/01\/20251126_140342-1152x1536.jpg 1152w, https:\/\/turlavasskola.kuldiga.lv\/wp-content\/uploads\/2026\/01\/20251126_140342-1536x2048.jpg 1536w, https:\/\/turlavasskola.kuldiga.lv\/wp-content\/uploads\/2026\/01\/20251126_140342-scaled.jpg 1920w\" alt=\"\" width=\"225\" height=\"300\" \/>\u00a0<img loading=\"lazy\" decoding=\"async\" class=\"alignnone size-medium wp-image-3438\" src=\"http:\/\/turlavasskola.kuldiga.lv\/wp-content\/uploads\/2026\/01\/20251126_131740-300x225.jpg\" sizes=\"(max-width: 300px) 100vw, 300px\" srcset=\"https:\/\/turlavasskola.kuldiga.lv\/wp-content\/uploads\/2026\/01\/20251126_131740-300x225.jpg 300w, https:\/\/turlavasskola.kuldiga.lv\/wp-content\/uploads\/2026\/01\/20251126_131740-1024x768.jpg 1024w, https:\/\/turlavasskola.kuldiga.lv\/wp-content\/uploads\/2026\/01\/20251126_131740-768x576.jpg 768w, https:\/\/turlavasskola.kuldiga.lv\/wp-content\/uploads\/2026\/01\/20251126_131740-1536x1152.jpg 1536w, https:\/\/turlavasskola.kuldiga.lv\/wp-content\/uploads\/2026\/01\/20251126_131740-2048x1536.jpg 2048w\" alt=\"\" width=\"300\" height=\"225\" \/><\/p>\n<\/div>\n","protected":false},"excerpt":{"rendered":"<p>Ce\u013c\u0101 uz EKO skolu &#8211;\u00a0 Aicin\u0101jums EKO padome \u0160eit 2025,\/2026.m.g. EKO skolas pas\u0101kumu pl\u0101ns \u0160eit Skolas vides nov\u0113rt\u0113jums \u0160eit KONKURSS -interesant\u0101k\u0101 makulat\u016bras kaste EKO skolu sadraudz\u012bbas pas\u0101kums Kop\u012bga EKO picu cep\u0161ana, sarunas par dabai draudz\u012bgu dz\u012bvesveidu un k\u0101 to var populariz\u0113t skolu EKO padome notika reiz\u0113, kad\u00a0Turlavas pamatskolas EKO padome dev\u0101s pieredzes apmai\u0146\u0101 pie V\u0101rmes &hellip; <\/p>\n<p class=\"link-more\"><a href=\"https:\/\/turlavasskola.kuldiga.lv\/index.php\/eko-skola\/\" class=\"more-link\">Turpin\u0101t las\u012bt<span class=\"screen-reader-text\"> &#8220;EKO SKOLA&#8221;<\/span><\/a><\/p>\n","protected":false},"author":4,"featured_media":0,"parent":0,"menu_order":0,"comment_status":"closed","ping_status":"closed","template":"","meta":{"footnotes":""},"class_list":["post-3317","page","type-page","status-publish","hentry"],"_links":{"self":[{"href":"https:\/\/turlavasskola.kuldiga.lv\/index.php\/wp-json\/wp\/v2\/pages\/3317"}],"collection":[{"href":"https:\/\/turlavasskola.kuldiga.lv\/index.php\/wp-json\/wp\/v2\/pages"}],"about":[{"href":"https:\/\/turlavasskola.kuldiga.lv\/index.php\/wp-json\/wp\/v2\/types\/page"}],"author":[{"embeddable":true,"href":"https:\/\/turlavasskola.kuldiga.lv\/index.php\/wp-json\/wp\/v2\/users\/4"}],"replies":[{"embeddable":true,"href":"https:\/\/turlavasskola.kuldiga.lv\/index.php\/wp-json\/wp\/v2\/comments?post=3317"}],"version-history":[{"count":10,"href":"https:\/\/turlavasskola.kuldiga.lv\/index.php\/wp-json\/wp\/v2\/pages\/3317\/revisions"}],"predecessor-version":[{"id":3523,"href":"https:\/\/turlavasskola.kuldiga.lv\/index.php\/wp-json\/wp\/v2\/pages\/3317\/revisions\/3523"}],"wp:attachment":[{"href":"https:\/\/turlavasskola.kuldiga.lv\/index.php\/wp-json\/wp\/v2\/media?parent=3317"}],"curies":[{"name":"wp","href":"https:\/\/api.w.org\/{rel}","templated":true}]}}