{"id":463,"date":"2021-08-18T17:52:13","date_gmt":"2021-08-18T15:52:13","guid":{"rendered":"https:\/\/turlavasskola.kuldiga.lv\/?page_id=463"},"modified":"2026-04-20T06:48:04","modified_gmt":"2026-04-20T04:48:04","slug":"edienkarte","status":"publish","type":"page","link":"https:\/\/turlavasskola.kuldiga.lv\/index.php\/edienkarte\/","title":{"rendered":"\u0112DIENKARTE"},"content":{"rendered":"<p><strong>\u0112DIENKARTE\u00a0 \u00a020. &#8211; 24. apr\u012blim<\/strong><\/p>\n<table width=\"971\">\n<tbody>\n<tr>\n<td width=\"185\"><strong>pirmdiena<\/strong><\/p>\n<p><strong>20.04.2026.<\/strong><\/td>\n<td width=\"204\"><strong>otrdiena<\/strong><\/p>\n<p><strong>21.04.2026.<\/strong><\/td>\n<td width=\"194\"><strong>tre\u0161diena<\/strong><\/p>\n<p><strong>22.04.2026.<\/strong><\/td>\n<td width=\"194\"><strong>ceturtdiena<\/strong><\/p>\n<p><strong>23.04.2026.<\/strong><\/td>\n<td width=\"194\"><strong>piektdiena<\/strong><\/p>\n<p><strong>24.04.2026.<\/strong><\/td>\n<\/tr>\n<tr>\n<td width=\"185\">Makaroni ar malto ga\u013cu un tom\u0101tu m\u0113rci, k\u0101postu sal\u0101ti, musli, jogurta batoni\u0146\u0161<\/td>\n<td width=\"204\">Bie\u0161u zupa, r\u012bsu pudi\u0146\u0161 ar zemen\u0113m, maize<\/td>\n<td width=\"194\">V\u0101r\u012bti r\u012bsi, c\u016bkga\u013cas gula\u0161s, burk\u0101nu, pu\u0137k\u0101postu sal\u0101ti, kef\u012brs, ban\u0101ns<\/td>\n<td width=\"194\">V\u0101r\u012bti kartupe\u013ci, vistas ga\u013cas m\u0113rce, ledus sal\u0101ti ar kef\u012bru, sulas dz\u0113riens, \u0101bols<\/td>\n<td width=\"194\">\u0160\u0137elto zirn\u012b\u0161u zupa, kakao kr\u0113ms ar ave\u0146u \u0137\u012bseli, maize<\/td>\n<\/tr>\n<\/tbody>\n<\/table>\n<ul>\n<li><strong style=\"font-size: 1rem;\">\u00a0<\/strong><strong style=\"font-size: 1rem;\">Skolas piens<\/strong><\/li>\n<li><strong>Skolas auglis<\/strong><\/li>\n<\/ul>\n<p><a href=\"http:\/\/turlavasskola.kuldiga.lv\/wp-content\/uploads\/2026\/04\/EDIENKARTE-1.-4.klasei-2.pdf\">\u0112DIENKARTE 1.-4.klasei<\/a><\/p>\n<p><a href=\"http:\/\/turlavasskola.kuldiga.lv\/wp-content\/uploads\/2026\/04\/EDIENKARTE-5.-9.klasei-2.pdf\">\u0112DIENKARTE 5.-9.klasei<\/a><\/p>\n<p><a href=\"http:\/\/turlavasskola.kuldiga.lv\/wp-content\/uploads\/2026\/04\/Edienkarte-Sermite-1.pdf\">\u0112dienkarte Serm\u012bte<\/a><\/p>\n<p>&nbsp;<\/p>\n<p>&nbsp;<\/p>\n<p>&nbsp;<\/p>\n<p>&nbsp;<\/p>\n<p>&nbsp;<\/p>\n<p>&nbsp;<\/p>\n","protected":false},"excerpt":{"rendered":"<p>\u0112DIENKARTE\u00a0 \u00a020. &#8211; 24. apr\u012blim pirmdiena 20.04.2026. otrdiena 21.04.2026. tre\u0161diena 22.04.2026. ceturtdiena 23.04.2026. piektdiena 24.04.2026. Makaroni ar malto ga\u013cu un tom\u0101tu m\u0113rci, k\u0101postu sal\u0101ti, musli, jogurta batoni\u0146\u0161 Bie\u0161u zupa, r\u012bsu pudi\u0146\u0161 ar zemen\u0113m, maize V\u0101r\u012bti r\u012bsi, c\u016bkga\u013cas gula\u0161s, burk\u0101nu, pu\u0137k\u0101postu sal\u0101ti, kef\u012brs, ban\u0101ns V\u0101r\u012bti kartupe\u013ci, vistas ga\u013cas m\u0113rce, ledus sal\u0101ti ar kef\u012bru, sulas dz\u0113riens, \u0101bols &hellip; <\/p>\n<p class=\"link-more\"><a href=\"https:\/\/turlavasskola.kuldiga.lv\/index.php\/edienkarte\/\" class=\"more-link\">Turpin\u0101t las\u012bt<span class=\"screen-reader-text\"> &#8220;\u0112DIENKARTE&#8221;<\/span><\/a><\/p>\n","protected":false},"author":4,"featured_media":0,"parent":0,"menu_order":0,"comment_status":"closed","ping_status":"closed","template":"","meta":{"footnotes":""},"class_list":["post-463","page","type-page","status-publish","hentry"],"_links":{"self":[{"href":"https:\/\/turlavasskola.kuldiga.lv\/index.php\/wp-json\/wp\/v2\/pages\/463"}],"collection":[{"href":"https:\/\/turlavasskola.kuldiga.lv\/index.php\/wp-json\/wp\/v2\/pages"}],"about":[{"href":"https:\/\/turlavasskola.kuldiga.lv\/index.php\/wp-json\/wp\/v2\/types\/page"}],"author":[{"embeddable":true,"href":"https:\/\/turlavasskola.kuldiga.lv\/index.php\/wp-json\/wp\/v2\/users\/4"}],"replies":[{"embeddable":true,"href":"https:\/\/turlavasskola.kuldiga.lv\/index.php\/wp-json\/wp\/v2\/comments?post=463"}],"version-history":[{"count":190,"href":"https:\/\/turlavasskola.kuldiga.lv\/index.php\/wp-json\/wp\/v2\/pages\/463\/revisions"}],"predecessor-version":[{"id":3608,"href":"https:\/\/turlavasskola.kuldiga.lv\/index.php\/wp-json\/wp\/v2\/pages\/463\/revisions\/3608"}],"wp:attachment":[{"href":"https:\/\/turlavasskola.kuldiga.lv\/index.php\/wp-json\/wp\/v2\/media?parent=463"}],"curies":[{"name":"wp","href":"https:\/\/api.w.org\/{rel}","templated":true}]}}